{"id":87,"date":"2021-07-30T11:40:44","date_gmt":"2021-07-30T14:40:44","guid":{"rendered":"https:\/\/diretiva.tec.br\/positiva\/?page_id=87"},"modified":"2022-02-04T23:49:10","modified_gmt":"2022-02-05T02:49:10","slug":"clientes","status":"publish","type":"page","link":"https:\/\/diretiva.tec.br\/positiva\/clientes\/","title":{"rendered":"Clientes"},"content":{"rendered":"\t\t<div data-elementor-type=\"wp-page\" data-elementor-id=\"87\" class=\"elementor elementor-87\" data-elementor-settings=\"[]\">\n\t\t\t\t\t\t\t<div class=\"elementor-section-wrap\">\n\t\t\t\t\t\t\t<section class=\"elementor-section elementor-top-section elementor-element elementor-element-08d5363 elementor-section-boxed elementor-section-height-default elementor-section-height-default\" data-id=\"08d5363\" data-element_type=\"section\" data-settings=\"{&quot;background_background&quot;:&quot;classic&quot;}\">\n\t\t\t\t\t\t\t<div class=\"elementor-background-overlay\"><\/div>\n\t\t\t\t\t\t\t<div class=\"elementor-container elementor-column-gap-default\">\n\t\t\t\t\t<div class=\"elementor-column elementor-col-100 elementor-top-column elementor-element elementor-element-6427e7d\" data-id=\"6427e7d\" data-element_type=\"column\">\n\t\t\t<div class=\"elementor-widget-wrap elementor-element-populated\">\n\t\t\t\t\t\t\t\t<div class=\"elementor-element elementor-element-07e5e0d elementor-widget elementor-widget-heading\" data-id=\"07e5e0d\" data-element_type=\"widget\" data-widget_type=\"heading.default\">\n\t\t\t\t<div class=\"elementor-widget-container\">\n\t\t\t<h2 class=\"elementor-heading-title elementor-size-default\">Nossos clientes<\/h2>\t\t<\/div>\n\t\t\t\t<\/div>\n\t\t\t\t<div class=\"elementor-element elementor-element-bfbeb1b elementor-widget-divider--separator-type-pattern elementor-widget-divider--view-line elementor-widget elementor-widget-divider\" data-id=\"bfbeb1b\" data-element_type=\"widget\" data-widget_type=\"divider.default\">\n\t\t\t\t<div class=\"elementor-widget-container\">\n\t\t\t\t\t<div class=\"elementor-divider\" style=\"--divider-pattern-url: url(&quot;data:image\/svg+xml,%3Csvg xmlns=&#039;http:\/\/www.w3.org\/2000\/svg&#039; preserveAspectRatio=&#039;none&#039; overflow=&#039;visible&#039; height=&#039;100%&#039; viewBox=&#039;0 0 20 16&#039; fill=&#039;none&#039; stroke=&#039;black&#039; stroke-width=&#039;2.5&#039; stroke-linecap=&#039;square&#039; stroke-miterlimit=&#039;10&#039;%3E%3Cg transform=&#039;translate(-12.000000, 0)&#039;%3E%3Cpath d=&#039;M28,0L10,18&#039;\/%3E%3Cpath d=&#039;M18,0L0,18&#039;\/%3E%3Cpath d=&#039;M48,0L30,18&#039;\/%3E%3Cpath d=&#039;M38,0L20,18&#039;\/%3E%3C\/g%3E%3C\/svg%3E&quot;);\">\n\t\t\t<span class=\"elementor-divider-separator\">\n\t\t\t\t\t\t<\/span>\n\t\t<\/div>\n\t\t\t\t<\/div>\n\t\t\t\t<\/div>\n\t\t\t\t\t<\/div>\n\t\t<\/div>\n\t\t\t\t\t\t\t<\/div>\n\t\t<\/section>\n\t\t\t\t<section class=\"elementor-section elementor-top-section elementor-element elementor-element-819b10c elementor-section-boxed elementor-section-height-default elementor-section-height-default\" data-id=\"819b10c\" data-element_type=\"section\">\n\t\t\t\t\t\t<div class=\"elementor-container elementor-column-gap-default\">\n\t\t\t\t\t<div class=\"elementor-column elementor-col-100 elementor-top-column elementor-element elementor-element-28e2133\" data-id=\"28e2133\" data-element_type=\"column\">\n\t\t\t<div class=\"elementor-widget-wrap elementor-element-populated\">\n\t\t\t\t\t\t\t\t<div class=\"elementor-element elementor-element-3725d53 elementor-grid-5 elementor-grid-mobile-2 elementor-grid-tablet-2 elementor-invisible elementor-widget elementor-widget-pp-logo-grid\" data-id=\"3725d53\" data-element_type=\"widget\" data-settings=\"{&quot;columns&quot;:&quot;5&quot;,&quot;_animation&quot;:&quot;fadeIn&quot;,&quot;_animation_delay&quot;:500,&quot;columns_mobile&quot;:&quot;2&quot;,&quot;columns_tablet&quot;:&quot;2&quot;}\" data-widget_type=\"pp-logo-grid.default\">\n\t\t\t\t<div class=\"elementor-widget-container\">\n\t\t\t\t\t<div class=\"pp-logo-grid pp-elementor-grid clearfix\">\n\t\t\t\t\t\t\t\t<div class=\"pp-grid-item-wrap elementor-repeater-item-9aeb330\">\n\t\t\t\t\t\t<div class=\"pp-grid-item\">\n\t\t\t\t\t\t<img decoding=\"async\" src=\"https:\/\/diretiva.tec.br\/positiva\/wp-content\/uploads\/2021\/08\/01.jpg\" alt=\"01\" \/>\t\t\t\t\t\t<\/div>\n\t\t\t\t\t\t\t\t\t\t\t<\/div>\n\t\t\t\t\t\t\t\t\t\t<div class=\"pp-grid-item-wrap elementor-repeater-item-4c7c53c\">\n\t\t\t\t\t\t<div class=\"pp-grid-item\">\n\t\t\t\t\t\t<img decoding=\"async\" src=\"https:\/\/diretiva.tec.br\/positiva\/wp-content\/uploads\/2021\/08\/02.jpg\" alt=\"02\" \/>\t\t\t\t\t\t<\/div>\n\t\t\t\t\t\t\t\t\t\t\t<\/div>\n\t\t\t\t\t\t\t\t\t\t<div class=\"pp-grid-item-wrap elementor-repeater-item-fcec7c5\">\n\t\t\t\t\t\t<div class=\"pp-grid-item\">\n\t\t\t\t\t\t<img decoding=\"async\" src=\"https:\/\/diretiva.tec.br\/positiva\/wp-content\/uploads\/2021\/08\/03.jpg\" alt=\"03\" \/>\t\t\t\t\t\t<\/div>\n\t\t\t\t\t\t\t\t\t\t\t<\/div>\n\t\t\t\t\t\t\t\t\t\t<div class=\"pp-grid-item-wrap elementor-repeater-item-a2359c7\">\n\t\t\t\t\t\t<div class=\"pp-grid-item\">\n\t\t\t\t\t\t<img decoding=\"async\" src=\"https:\/\/diretiva.tec.br\/positiva\/wp-content\/uploads\/2021\/08\/04.jpg\" alt=\"04\" \/>\t\t\t\t\t\t<\/div>\n\t\t\t\t\t\t\t\t\t\t\t<\/div>\n\t\t\t\t\t\t\t\t\t\t<div class=\"pp-grid-item-wrap elementor-repeater-item-b7e1967\">\n\t\t\t\t\t\t<div class=\"pp-grid-item\">\n\t\t\t\t\t\t<img decoding=\"async\" src=\"https:\/\/diretiva.tec.br\/positiva\/wp-content\/uploads\/2021\/08\/05.jpg\" alt=\"05\" \/>\t\t\t\t\t\t<\/div>\n\t\t\t\t\t\t\t\t\t\t\t<\/div>\n\t\t\t\t\t\t\t\t\t\t<div class=\"pp-grid-item-wrap elementor-repeater-item-7b9a69a\">\n\t\t\t\t\t\t<div class=\"pp-grid-item\">\n\t\t\t\t\t\t<img decoding=\"async\" src=\"https:\/\/diretiva.tec.br\/positiva\/wp-content\/uploads\/2021\/08\/06.jpg\" alt=\"06\" \/>\t\t\t\t\t\t<\/div>\n\t\t\t\t\t\t\t\t\t\t\t<\/div>\n\t\t\t\t\t\t\t\t\t\t<div class=\"pp-grid-item-wrap elementor-repeater-item-fd726cd\">\n\t\t\t\t\t\t<div class=\"pp-grid-item\">\n\t\t\t\t\t\t<img decoding=\"async\" src=\"https:\/\/diretiva.tec.br\/positiva\/wp-content\/uploads\/2021\/08\/07.jpg\" alt=\"07\" \/>\t\t\t\t\t\t<\/div>\n\t\t\t\t\t\t\t\t\t\t\t<\/div>\n\t\t\t\t\t\t\t\t\t\t<div class=\"pp-grid-item-wrap elementor-repeater-item-23938d0\">\n\t\t\t\t\t\t<div class=\"pp-grid-item\">\n\t\t\t\t\t\t<img decoding=\"async\" src=\"https:\/\/diretiva.tec.br\/positiva\/wp-content\/uploads\/2021\/08\/08.jpg\" alt=\"08\" \/>\t\t\t\t\t\t<\/div>\n\t\t\t\t\t\t\t\t\t\t\t<\/div>\n\t\t\t\t\t\t\t\t\t\t<div class=\"pp-grid-item-wrap elementor-repeater-item-67a47f2\">\n\t\t\t\t\t\t<div class=\"pp-grid-item\">\n\t\t\t\t\t\t<img decoding=\"async\" src=\"https:\/\/diretiva.tec.br\/positiva\/wp-content\/uploads\/2021\/08\/09.jpg\" alt=\"09\" \/>\t\t\t\t\t\t<\/div>\n\t\t\t\t\t\t\t\t\t\t\t<\/div>\n\t\t\t\t\t\t\t\t\t\t<div class=\"pp-grid-item-wrap elementor-repeater-item-9f9c2ee\">\n\t\t\t\t\t\t<div class=\"pp-grid-item\">\n\t\t\t\t\t\t<img decoding=\"async\" src=\"https:\/\/diretiva.tec.br\/positiva\/wp-content\/uploads\/2021\/08\/101.jpg\" alt=\"10(1)\" \/>\t\t\t\t\t\t<\/div>\n\t\t\t\t\t\t\t\t\t\t\t<\/div>\n\t\t\t\t\t\t\t\t\t\t<div class=\"pp-grid-item-wrap elementor-repeater-item-6f9c35a\">\n\t\t\t\t\t\t<div class=\"pp-grid-item\">\n\t\t\t\t\t\t<img decoding=\"async\" src=\"https:\/\/diretiva.tec.br\/positiva\/wp-content\/uploads\/2021\/08\/11.jpg\" alt=\"11\" \/>\t\t\t\t\t\t<\/div>\n\t\t\t\t\t\t\t\t\t\t\t<\/div>\n\t\t\t\t\t\t\t\t\t\t<div class=\"pp-grid-item-wrap elementor-repeater-item-3364349\">\n\t\t\t\t\t\t<div class=\"pp-grid-item\">\n\t\t\t\t\t\t<img decoding=\"async\" src=\"https:\/\/diretiva.tec.br\/positiva\/wp-content\/uploads\/2021\/08\/12.jpg\" alt=\"12\" \/>\t\t\t\t\t\t<\/div>\n\t\t\t\t\t\t\t\t\t\t\t<\/div>\n\t\t\t\t\t\t\t\t\t\t<div class=\"pp-grid-item-wrap elementor-repeater-item-c18f60c\">\n\t\t\t\t\t\t<div class=\"pp-grid-item\">\n\t\t\t\t\t\t<img decoding=\"async\" src=\"https:\/\/diretiva.tec.br\/positiva\/wp-content\/uploads\/2021\/08\/14.jpg\" alt=\"14\" \/>\t\t\t\t\t\t<\/div>\n\t\t\t\t\t\t\t\t\t\t\t<\/div>\n\t\t\t\t\t\t\t\t\t\t<div class=\"pp-grid-item-wrap elementor-repeater-item-3933256\">\n\t\t\t\t\t\t<div class=\"pp-grid-item\">\n\t\t\t\t\t\t<img decoding=\"async\" src=\"https:\/\/diretiva.tec.br\/positiva\/wp-content\/uploads\/2021\/08\/15.jpg\" alt=\"15\" \/>\t\t\t\t\t\t<\/div>\n\t\t\t\t\t\t\t\t\t\t\t<\/div>\n\t\t\t\t\t\t\t\t\t\t<div class=\"pp-grid-item-wrap elementor-repeater-item-daba693\">\n\t\t\t\t\t\t<div class=\"pp-grid-item\">\n\t\t\t\t\t\t<img decoding=\"async\" src=\"https:\/\/diretiva.tec.br\/positiva\/wp-content\/uploads\/2021\/08\/16.jpg\" alt=\"16\" \/>\t\t\t\t\t\t<\/div>\n\t\t\t\t\t\t\t\t\t\t\t<\/div>\n\t\t\t\t\t\t\t\t\t\t<div class=\"pp-grid-item-wrap elementor-repeater-item-318631d\">\n\t\t\t\t\t\t<div class=\"pp-grid-item\">\n\t\t\t\t\t\t<img decoding=\"async\" src=\"https:\/\/diretiva.tec.br\/positiva\/wp-content\/uploads\/2021\/08\/17.jpg\" alt=\"17\" \/>\t\t\t\t\t\t<\/div>\n\t\t\t\t\t\t\t\t\t\t\t<\/div>\n\t\t\t\t\t\t\t\t\t\t<div class=\"pp-grid-item-wrap elementor-repeater-item-de85530\">\n\t\t\t\t\t\t<div class=\"pp-grid-item\">\n\t\t\t\t\t\t<img decoding=\"async\" src=\"http:\/\/diretiva.tec.br\/positiva\/wp-content\/uploads\/2021\/08\/18.jpg\" alt=\"\" \/>\t\t\t\t\t\t<\/div>\n\t\t\t\t\t\t\t\t\t\t\t<\/div>\n\t\t\t\t\t\t\t<\/div>\n\t\t\t\t<\/div>\n\t\t\t\t<\/div>\n\t\t\t\t\t<\/div>\n\t\t<\/div>\n\t\t\t\t\t\t\t<\/div>\n\t\t<\/section>\n\t\t\t\t\t\t<\/div>\n\t\t\t\t\t<\/div>\n\t\t","protected":false},"excerpt":{"rendered":"<p>Nossos clientes<\/p>\n","protected":false},"author":1,"featured_media":0,"parent":0,"menu_order":0,"comment_status":"closed","ping_status":"closed","template":"","meta":{"footnotes":""},"class_list":["post-87","page","type-page","status-publish","hentry"],"yoast_head":"<!-- This site is optimized with the Yoast SEO plugin v19.5.1 - https:\/\/yoast.com\/wordpress\/plugins\/seo\/ -->\n<title>Clientes - Positiva RS<\/title>\n<meta name=\"robots\" content=\"index, follow, max-snippet:-1, max-image-preview:large, max-video-preview:-1\" \/>\n<link rel=\"canonical\" href=\"https:\/\/diretiva.tec.br\/positiva\/clientes\/\" \/>\n<meta property=\"og:locale\" content=\"pt_BR\" \/>\n<meta property=\"og:type\" content=\"article\" \/>\n<meta property=\"og:title\" content=\"Clientes - Positiva RS\" \/>\n<meta property=\"og:description\" content=\"Nossos clientes\" \/>\n<meta property=\"og:url\" content=\"https:\/\/diretiva.tec.br\/positiva\/clientes\/\" \/>\n<meta property=\"og:site_name\" content=\"Positiva RS\" \/>\n<meta property=\"article:publisher\" content=\"https:\/\/www.facebook.com\/PositivaQualidadeAmbiental\" \/>\n<meta property=\"article:modified_time\" content=\"2022-02-05T02:49:10+00:00\" \/>\n<meta property=\"og:image\" content=\"http:\/\/diretiva.tec.br\/positiva\/wp-content\/uploads\/2021\/08\/01.jpg\" \/>\n<meta name=\"twitter:card\" content=\"summary_large_image\" \/>\n<script type=\"application\/ld+json\" class=\"yoast-schema-graph\">{\"@context\":\"https:\/\/schema.org\",\"@graph\":[{\"@type\":\"WebPage\",\"@id\":\"https:\/\/diretiva.tec.br\/positiva\/clientes\/\",\"url\":\"https:\/\/diretiva.tec.br\/positiva\/clientes\/\",\"name\":\"Clientes - Positiva RS\",\"isPartOf\":{\"@id\":\"https:\/\/diretiva.tec.br\/positiva\/#website\"},\"datePublished\":\"2021-07-30T14:40:44+00:00\",\"dateModified\":\"2022-02-05T02:49:10+00:00\",\"breadcrumb\":{\"@id\":\"https:\/\/diretiva.tec.br\/positiva\/clientes\/#breadcrumb\"},\"inLanguage\":\"pt-BR\",\"potentialAction\":[{\"@type\":\"ReadAction\",\"target\":[\"https:\/\/diretiva.tec.br\/positiva\/clientes\/\"]}]},{\"@type\":\"BreadcrumbList\",\"@id\":\"https:\/\/diretiva.tec.br\/positiva\/clientes\/#breadcrumb\",\"itemListElement\":[{\"@type\":\"ListItem\",\"position\":1,\"name\":\"Home\",\"item\":\"https:\/\/diretiva.tec.br\/positiva\/\"},{\"@type\":\"ListItem\",\"position\":2,\"name\":\"Clientes\"}]},{\"@type\":\"WebSite\",\"@id\":\"https:\/\/diretiva.tec.br\/positiva\/#website\",\"url\":\"https:\/\/diretiva.tec.br\/positiva\/\",\"name\":\"Positiva RS\",\"description\":\"Controle de Pragas, Higieniza\u00e7\u00e3o de Reservat\u00f3rios\",\"publisher\":{\"@id\":\"https:\/\/diretiva.tec.br\/positiva\/#organization\"},\"potentialAction\":[{\"@type\":\"SearchAction\",\"target\":{\"@type\":\"EntryPoint\",\"urlTemplate\":\"https:\/\/diretiva.tec.br\/positiva\/?s={search_term_string}\"},\"query-input\":\"required name=search_term_string\"}],\"inLanguage\":\"pt-BR\"},{\"@type\":\"Organization\",\"@id\":\"https:\/\/diretiva.tec.br\/positiva\/#organization\",\"name\":\"Positiva RS\",\"url\":\"https:\/\/diretiva.tec.br\/positiva\/\",\"sameAs\":[\"https:\/\/www.instagram.com\/positiva_rs\/\",\"https:\/\/www.facebook.com\/PositivaQualidadeAmbiental\"],\"logo\":{\"@type\":\"ImageObject\",\"inLanguage\":\"pt-BR\",\"@id\":\"https:\/\/diretiva.tec.br\/positiva\/#\/schema\/logo\/image\/\",\"url\":\"http:\/\/diretiva.tec.br\/positiva\/wp-content\/uploads\/2021\/08\/logo-positiva-rs.png\",\"contentUrl\":\"http:\/\/diretiva.tec.br\/positiva\/wp-content\/uploads\/2021\/08\/logo-positiva-rs.png\",\"width\":500,\"height\":410,\"caption\":\"Positiva RS\"},\"image\":{\"@id\":\"https:\/\/diretiva.tec.br\/positiva\/#\/schema\/logo\/image\/\"}}]}<\/script>\n<!-- \/ Yoast SEO plugin. -->","yoast_head_json":{"title":"Clientes - Positiva RS","robots":{"index":"index","follow":"follow","max-snippet":"max-snippet:-1","max-image-preview":"max-image-preview:large","max-video-preview":"max-video-preview:-1"},"canonical":"https:\/\/diretiva.tec.br\/positiva\/clientes\/","og_locale":"pt_BR","og_type":"article","og_title":"Clientes - Positiva RS","og_description":"Nossos clientes","og_url":"https:\/\/diretiva.tec.br\/positiva\/clientes\/","og_site_name":"Positiva RS","article_publisher":"https:\/\/www.facebook.com\/PositivaQualidadeAmbiental","article_modified_time":"2022-02-05T02:49:10+00:00","og_image":[{"url":"http:\/\/diretiva.tec.br\/positiva\/wp-content\/uploads\/2021\/08\/01.jpg"}],"twitter_card":"summary_large_image","schema":{"@context":"https:\/\/schema.org","@graph":[{"@type":"WebPage","@id":"https:\/\/diretiva.tec.br\/positiva\/clientes\/","url":"https:\/\/diretiva.tec.br\/positiva\/clientes\/","name":"Clientes - Positiva RS","isPartOf":{"@id":"https:\/\/diretiva.tec.br\/positiva\/#website"},"datePublished":"2021-07-30T14:40:44+00:00","dateModified":"2022-02-05T02:49:10+00:00","breadcrumb":{"@id":"https:\/\/diretiva.tec.br\/positiva\/clientes\/#breadcrumb"},"inLanguage":"pt-BR","potentialAction":[{"@type":"ReadAction","target":["https:\/\/diretiva.tec.br\/positiva\/clientes\/"]}]},{"@type":"BreadcrumbList","@id":"https:\/\/diretiva.tec.br\/positiva\/clientes\/#breadcrumb","itemListElement":[{"@type":"ListItem","position":1,"name":"Home","item":"https:\/\/diretiva.tec.br\/positiva\/"},{"@type":"ListItem","position":2,"name":"Clientes"}]},{"@type":"WebSite","@id":"https:\/\/diretiva.tec.br\/positiva\/#website","url":"https:\/\/diretiva.tec.br\/positiva\/","name":"Positiva RS","description":"Controle de Pragas, Higieniza\u00e7\u00e3o de Reservat\u00f3rios","publisher":{"@id":"https:\/\/diretiva.tec.br\/positiva\/#organization"},"potentialAction":[{"@type":"SearchAction","target":{"@type":"EntryPoint","urlTemplate":"https:\/\/diretiva.tec.br\/positiva\/?s={search_term_string}"},"query-input":"required name=search_term_string"}],"inLanguage":"pt-BR"},{"@type":"Organization","@id":"https:\/\/diretiva.tec.br\/positiva\/#organization","name":"Positiva RS","url":"https:\/\/diretiva.tec.br\/positiva\/","sameAs":["https:\/\/www.instagram.com\/positiva_rs\/","https:\/\/www.facebook.com\/PositivaQualidadeAmbiental"],"logo":{"@type":"ImageObject","inLanguage":"pt-BR","@id":"https:\/\/diretiva.tec.br\/positiva\/#\/schema\/logo\/image\/","url":"http:\/\/diretiva.tec.br\/positiva\/wp-content\/uploads\/2021\/08\/logo-positiva-rs.png","contentUrl":"http:\/\/diretiva.tec.br\/positiva\/wp-content\/uploads\/2021\/08\/logo-positiva-rs.png","width":500,"height":410,"caption":"Positiva RS"},"image":{"@id":"https:\/\/diretiva.tec.br\/positiva\/#\/schema\/logo\/image\/"}}]}},"_links":{"self":[{"href":"https:\/\/diretiva.tec.br\/positiva\/wp-json\/wp\/v2\/pages\/87","targetHints":{"allow":["GET"]}}],"collection":[{"href":"https:\/\/diretiva.tec.br\/positiva\/wp-json\/wp\/v2\/pages"}],"about":[{"href":"https:\/\/diretiva.tec.br\/positiva\/wp-json\/wp\/v2\/types\/page"}],"author":[{"embeddable":true,"href":"https:\/\/diretiva.tec.br\/positiva\/wp-json\/wp\/v2\/users\/1"}],"replies":[{"embeddable":true,"href":"https:\/\/diretiva.tec.br\/positiva\/wp-json\/wp\/v2\/comments?post=87"}],"version-history":[{"count":0,"href":"https:\/\/diretiva.tec.br\/positiva\/wp-json\/wp\/v2\/pages\/87\/revisions"}],"wp:attachment":[{"href":"https:\/\/diretiva.tec.br\/positiva\/wp-json\/wp\/v2\/media?parent=87"}],"curies":[{"name":"wp","href":"https:\/\/api.w.org\/{rel}","templated":true}]}}